**3 + 6*y**2 - 6*y + 1. Give d(m).
9
Let h(f) = -f**2 + 3*f + 22. Let l be h(6). Let k(d) be the second derivative of d + d**2 + 0 + 1/3*d**3 - 1/12*d**4. Calculate k(l).
-6
Let a be 0 + 88/11 - 8. Let h(y) be the third derivative of a*y - 1/24*y**4 + 0 + 1/6*y**3 + 3*y**2. Determine h(4).
-3
Let q(o) = 0 + 2 + 6*o - 2*o. Suppose 2*b + 14*d - 17 = 9*d, 5*b + 5 = -3*d. Give q(b).
-14
Let c(m) be the second derivative of m**4/6 - m**3/6 + 7*m**2/2 - 173*m + 1. Determine c(0).
7
Let o be (-6)/(-3)*-1 - -20. Let d = o + -14. Let n(z) = -5 + 2 - d*z**2 - z**2 + 6*z**2. Determine n(-3).
6
Let l be 2*1/(-2)*-15. Let c = 357 + -366. Let m = l + c. Let w(k) = k**3 - 7*k**2 + 5*k + 5. Calculate w(m).
-1
Let s(c) be the second derivative of c**5/20 - c**4/4 - 5*c**3/6 + 2*c**2 - c. Suppose -k + 3*x + 13 - 12 = 0, 2*x - 18 = -4*k. Calculate s(k).
0
Let w(a) be the first derivative of a**6/360 + a**5/20 - a**4/6 + 14*a**3/3 - 12. Let m(c) be the third derivative of w(c). Calculate m(-5).
-9
Let n = -16 + 20. Let w(q) = -6 + 1 + n*q - 3*q. Let p be 27/6 + 1/2. What is w(p)?
0
Let p = 35 - 29. Suppose -x - p = -4. Let u(d) be the third derivative of -d**6/60 - d**5/30 + d**4/12 + d**3/6 - 2*d**2. Calculate u(x).
5
Let n(c) = c - 12. Let j(w) = -w**2 + w - 14. Let l(i) = -2*j(i) + 3*n(i). What is l(-3)?
7
Let i be (-14)/49 + (4 - (-141)/(-21)). Let n(f) = -4*f + 1. Determine n(i).
13
Let d(z) be the third derivative of z**4/24 + 2*z**3 - 73*z**2 + 2*z. Calculate d(-12).
0
Suppose 2*r = 6 - 4. Let i(f) be the third derivative of 0*f + 1/4*f**4 + 0 - 1/6*f**3 - 3*f**2. Calculate i(r).
5
Let d(y) = 7*y + 62. Let l be d(-8). Let m(j) = 7*j**3 - 27*j**3 - l*j**2 + 1 + 7*j**3 + 14*j**3. Determine m(5).
-24
Let l(q) = -2*q**2 - 20*q + 42. Let a be l(2). Let m(j) = j**2 + 6*j - 3. Calculate m(a).
-3
Let s(o) be the third derivative of 0*o - 1/10*o**5 + 1/120*o**6 + 1/12*o**4 + 0 + 0*o**3 + 10*o**2. What is s(5)?
-15
Let v(p) be the second derivative of 41*p**4/12 - 232*p. Give v(1).
41
Let c be (-4)/6 - (-30)/(-9). Let k(g) = -g + 13*g**2 - 27*g**2 + 13*g**2 - 1. What is k(c)?
-13
Let a(s) = -3 - s**3 + 5*s - 6 - 4*s**2 + 3. Let c be -2*(2 - 0)*-1. Suppose -c*t = 15 + 5. Calculate a(t).
-6
Let f(i) = -11614*i - 21 + 11616*i + 18. Let w = 6 - 3. Determine f(w).
3
Let t(q) be the second derivative of -q**7/840 - q**6/72 - q**4/8 + 7*q**3/6 + 26*q. Let w(r) be the second derivative of t(r). Calculate w(-5).
-3
Let z(h) = -11*h**3 - 18*h**2 + 2*h - 29. Let k(s) = -5*s**3 - 8*s**2 + s - 15. Let w(f) = 9*k(f) - 4*z(f). Let y be ((3 - 1) + -3)*0. Give w(y).
-19
Let v = 54 - 49. Suppose -v*y = -7 - 23. Let r(u) = -3*u**2 + 6*u + 3*u - 7 + 2*u**2. Give r(y).
11
Let g(o) = o - 1. Suppose 0 = c - 5*c + 3*q, 0 = 5*c + q - 19. Let d be c + (-2 - 9) + 0/(-7). Determine g(d).
-9
Let r(o) = -o**3 - 3. Let j(d) = d**3 - 10*d**2 + 2*d - 58. Let f be j(11). Let n = f + -85. Give r(n).
-3
Let t be ((-18)/(-8))/(2/(-8)). Let h(x) = -25*x**2 + 24*x**2 + 2 - 1 - 9*x - 2. Determine h(t).
-1
Let w(d) = d**2 + 4*d + 2. Suppose 12 = 4*g - t + 3*t, 5*t = -4*g + 12. Suppose g*l - 2*b + 2 = -20, 5*l - 3*b + 35 = 0. Calculate w(l).
2
Let c(i) be the second derivative of -i**5/20 - 3*i**4/2 + 19*i**3/6 + 13*i**2/2 - 623*i. Give c(-19).
13
Let w(x) = x. Let m(g) = g - 1. Let u = 7 + -8. Let o(t) = u*w(t) + 2*m(t). Let b = 36 - 28. Give o(b).
6
Let n(t) be the second derivative of -t**4/12 - t**3/6 - 63*t. Calculate n(3).
-12
Suppose -s = -2*n - 14, 2*s - 11 = -3. Let k(c) = -2*c**2 - 8*c - 5. What is k(n)?
-15
Let b(z) = 2*z**2 + 10*z - 5. Let u(c) = 2*c**2 + 27*c + 31. Let v be u(-12). What is b(v)?
-5
Let p(z) = -z**2 + 20*z + 10. Let w(s) = 3*s**2 - 61*s - 31. Let m(t) = -7*p(t) - 2*w(t). Give m(18).
-8
Suppose -24*r - 9 = -177. Let k(i) be the second derivative of -i**3/6 - 2*i. Give k(r).
-7
Let t(i) be the second derivative of -i**3/6 - 7*i. Let n(r) = -r + 1. Let d(u) = -n(u) + 4*t(u). Calculate d(2).
-7
Let r(i) = 2*i + 1. Let x(b) = -b. Suppose -2*m = 4, 1 - 2 = 3*v - m. Let o(h) = v*r(h) + 6*x(h). Determine o(-1).
7
Let i(f) be the third derivative of f**5/60 - f**4/4 + 4*f**3/3 + f**2. Let d be (-162)/270 + 66/10. Calculate i(d).
8
Suppose -4*h + h + 9 = 0. Suppose -2*o - 9 - h = 0. Let d(a) = a**2 + 6*a + 3. Determine d(o).
3
Suppose -13 = 64*z - 77*z. Let g(t) = 9*t**2 - t + 2. What is g(z)?
10
Let a(s) be the third derivative of s**4/24 - s**3 + s**2. Let g be a(9). Let p(r) = 6*r**g - 17*r**3 + 12*r**3. Give p(-1).
-1
Let h(d) be the third derivative of d**6/20 - d**5/60 - d**4/24 - 32*d**2. Determine h(-1).
-6
Suppose 0 = -4*i - 8 + 28. Let y(r) = r**2 - r. Let w(b) = 6*b**2 - b - 1. Let l(j) = i*y(j) - w(j). Give l(-5).
-4
Let d(o) = o - 7. Suppose -15*a + 11*a + 36 = 0. Let x(y) = -3*y + 21. Let b be x(a). Calculate d(b).
-13
Let n(o) = -o - 8. Let l(r) = r + 14. Let m(t) = -2*t - 29. Let d = -3 - -9. Let q(p) = d*m(p) + 13*l(p). Let h(z) = 6*n(z) + 5*q(z). Calculate h(-6).
-2
Let d(x) = -x**2 - 6*x + 4. Let s(f) = f**2 + 7*f - 4. Let w(z) = 3*d(z) + 2*s(z). Give w(-6).
-8
Let f(a) = 5*a**2 + 2*a - 1. Suppose -5*m + 3 + 2 = 0. Determine f(m).
6
Suppose 0 = -k + 4*k - k. Suppose k = -10*b + 4*b + 12. Let h(p) = 2*p**2 - 4*p + 3. Calculate h(b).
3
Let p(o) be the first derivative of -12 + 0*o - 1/20*o**5 - 1/2*o**3 - 1/120*o**6 - 1/24*o**4 - 3*o**2. Let w(a) be the second derivative of p(a). Give w(-3).
0
Let v(f) = -2*f - 15 + 46 - 17 - 16. Calculate v(4).
-10
Let h(z) = -z + 7. Suppose -5*l + 5*m = -45, 5*l + 4*m - 35 = 7*m. What is h(l)?
3
Suppose -p - 6 + 1 = 0. Let k(t) be the first derivative of 3*t**2 - 1/4*t**4 - 4/3*t**3 - 2 - t. Determine k(p).
-6
Let r(q) = -q + 6. Let u be -4 - -12 - 40/20. Give r(u).
0
Let w(n) = -n**2 + n + 1. Suppose 11*x = 4 - 48. Let c be 80/(-44) + 5/(110/x). Calculate w(c).
-5
Let b(t) be the third derivative of t**4/4 + 5*t**3/6 + 23*t**2 - 4*t. Calculate b(-5).
-25
Let u(o) = o**2 + 7*o - 3. Let b be 35/14 - (-2)/4. Suppose 2*g = 6*g - 4*k - 140, -2*g = b*k - 55. Suppose 3*m - g = 7*m. Calculate u(m).
5
Let o(t) be the second derivative of t**4/6 + t**3/6 - t**2/2 + t + 47. What is o(2)?
9
Suppose -2*q = -2*t + 3*q - 62, -3*t - 83 = -5*q. Let p = -18 - t. Let y(i) = 3*i. Calculate y(p).
9
Suppose 5*c - 5*z + 20 = 0, 4*c + 5*z + 16 = 4*z. Let i(m) = -m**3 - 3*m**2 + 5*m + 4. What is i(c)?
0
Suppose -3*o = 2 - 23. Let h = o - 9. Let x be h/9 + 48/(-27). Let f(a) = a. Calculate f(x).
-2
Let m = 67 + -61. Let s(t) = -t + 9. Let q(b) = -1. Let o(y) = m*q(y) + s(y). What is o(-9)?
12
Let l(n) = -n**2 - 11*n + 6. Let c be l(-11). Let b(k) = c*k - 764 + k**2 + 764. Give b(-5).
-5
Let w(u) = 5*u**3 - 6*u**2 + 11*u - 21. Let b(o) = o**3 + o - 2. Let m(p) = 6*b(p) - w(p). Calculate m(-7).
-5
Suppose 2*r + 2*h = 8, -2*r + 3 = -6*h + 3*h. Let f = r + -2. Let j(q) = -18*q + 17*q - 1612 + 1611. What is j(f)?
-2
Let n(v) = -10*v**2 + 6*v + 1. Let l(a) = 2*a**2 - a. Let j(u) = -6*l(u) - n(u). Give j(2).
-9
Let i(u) = -5*u**2 + 4*u + 1. Let m(j) = -24*j**2 + 21*j + 5. Let a(o) = -11*i(o) + 2*m(o). Let q be -1 - (-4)/12*0. Calculate a(q).
8
Let h(q) = -q + 11. Let l = 38 + -32. Suppose -l = 2*d - 3*d. Determine h(d).
5
Let o be 14/4 - (-969)/(-102). Let b(s) = 9*s + 13. Let a(l) = l + 1. Let x(r) = 6*a(r) - b(r). Calculate x(o).
11
Let m(z) be the third derivative of 0 - 7/120*z**6 + 1/6*z**3 - 1/12*z**4 + 14*z**2 + 1/30*z**5 + 0*z. Calculate m(1).
-6
Let z(s) = 3*s - 4*s + 0*s - s**2 + 0*s + 2*s. Determine z(3).
-6
Let p(x) = -x**2 + 5*x - 3. Let u = 22 + -33. Suppose -4*h = h - 75. Let b = h + u. Determine p(b).
1
Let z(k) = 6*k**2 - 7*k - 4. Let t(u) = 7*u**2 - 8*u - 5. Let n(w) = 4*t(w) - 5*z(w). Give n(2).
-2
Let b be (2/5)/(-1 + (-9)/(-15)). Let p(z) = z**2 - 5*z - 4. Give p(b).
2
Let a = -6 + 15. Let r(j) = -2 + 25*j - 3*j**2 + 24*j - 58*j - 2. Let t(n) = -7*n**2 - 19*n - 7. Let w(o) = a*r(o) - 4*t(o). Give w(6).
-2
Let z(t) = t**2 + 2*t - 4. Let d be 0*((-3)/(-1))/3. Suppose d*k + 2*k = 0. Suppose -6 = 2*w - k. What is z(w)?
-1
Suppose -6*b + 96 - 126 = 0. Let m(p) = -2*p**2 - 5*p - 3. Give m(b).
-28
Suppose 12*g - 4*d - 56 = 8*g, 0 = 4*d + 12. Let h(i) = -i**3 + 13*i**2 - 22*i - 7. Determine h(g).
-7
Let t(a) = a**3 - 4*a**2 + 8*a - 4. Suppose 0 = -z 